[INFO] cloning repository https://github.com/LordAldaron/rust-webserver
[INFO] running `Command { std: "git" "-c" "credential.helper=" "-c" "credential.helper=/workspace/cargo-home/bin/git-credential-null" "clone" "--bare" "https://github.com/LordAldaron/rust-webserver" "/workspace/cache/git-repos/https%3A%2F%2Fgithub.com%2FLordAldaron%2Frust-webserver", kill_on_drop: false }`
[INFO] [stderr] Cloning into bare repository '/workspace/cache/git-repos/https%3A%2F%2Fgithub.com%2FLordAldaron%2Frust-webserver'...
[INFO] running `Command { std: "git" "rev-parse" "HEAD", kill_on_drop: false }`
[INFO] [stdout] 92559a27784751e393a6c39ff83273e808cda3d1
[INFO] checking LordAldaron/rust-webserver against master#cfbc6d4cf1acbac5c025acf8ed68929caa551df3 for pr-75494-beta
[INFO] running `Command { std: "git" "clone" "/workspace/cache/git-repos/https%3A%2F%2Fgithub.com%2FLordAldaron%2Frust-webserver" "/workspace/builds/worker-4/source", kill_on_drop: false }`
[INFO] [stderr] Cloning into '/workspace/builds/worker-4/source'...
[INFO] [stderr] done.
[INFO] validating manifest of git repo https://github.com/LordAldaron/rust-webserver on toolchain cfbc6d4cf1acbac5c025acf8ed68929caa551df3
[INFO] running `Command { std: "/workspace/cargo-home/bin/cargo" "+cfbc6d4cf1acbac5c025acf8ed68929caa551df3" "read-manifest" "--manifest-path" "Cargo.toml", kill_on_drop: false }`
[INFO] started tweaking git repo https://github.com/LordAldaron/rust-webserver
[INFO] finished tweaking git repo https://github.com/LordAldaron/rust-webserver
[INFO] tweaked toml for git repo https://github.com/LordAldaron/rust-webserver written to /workspace/builds/worker-4/source/Cargo.toml
[INFO] crate git repo https://github.com/LordAldaron/rust-webserver already has a lockfile, it will not be regenerated
[INFO] running `Command { std: "/workspace/cargo-home/bin/cargo" "+cfbc6d4cf1acbac5c025acf8ed68929caa551df3" "fetch" "--locked" "--manifest-path" "Cargo.toml", kill_on_drop: false }`
[INFO] [stderr]  Downloading crates ...
[INFO] [stderr]   Downloaded vec-arena v0.5.0
[INFO] [stderr]   Downloaded pasts v0.4.0
[INFO] [stderr]   Downloaded polling v0.1.3
[INFO] [stderr]   Downloaded blocking v0.5.1
[INFO] [stderr]   Downloaded syn v1.0.24
[INFO] running `Command { std: "docker" "create" "-v" "/var/lib/crater-agent-workspace/builds/worker-4/target:/opt/rustwide/target:rw,Z" "-v" "/var/lib/crater-agent-workspace/builds/worker-4/source:/opt/rustwide/workdir:ro,Z" "-v" "/var/lib/crater-agent-workspace/cargo-home:/opt/rustwide/cargo-home:ro,Z" "-v" "/var/lib/crater-agent-workspace/rustup-home:/opt/rustwide/rustup-home:ro,Z" "-e" "SOURCE_DIR=/opt/rustwide/workdir" "-e" "CARGO_TARGET_DIR=/opt/rustwide/target" "-e" "CARGO_HOME=/opt/rustwide/cargo-home" "-e" "RUSTUP_HOME=/opt/rustwide/rustup-home" "-w" "/opt/rustwide/workdir" "-m" "1610612736" "--user" "0:0" "--network" "none" "rustops/crates-build-env@sha256:a636fd89d022f18117e1dc8fb37a0a009933cdbbe082814857f0e2024962d47c" "/opt/rustwide/cargo-home/bin/cargo" "+cfbc6d4cf1acbac5c025acf8ed68929caa551df3" "metadata" "--no-deps" "--format-version=1", kill_on_drop: false }`
[INFO] [stdout] f4db9470167696624537c769d86c5e79f41161f4c427dbb48883b1415284e299
[INFO] [stderr] WARNING: Your kernel does not support swap limit capabilities or the cgroup is not mounted. Memory limited without swap.
[INFO] running `Command { std: "docker" "start" "-a" "f4db9470167696624537c769d86c5e79f41161f4c427dbb48883b1415284e299", kill_on_drop: false }`
[INFO] running `Command { std: "docker" "inspect" "f4db9470167696624537c769d86c5e79f41161f4c427dbb48883b1415284e299", kill_on_drop: false }`
[INFO] running `Command { std: "docker" "rm" "-f" "f4db9470167696624537c769d86c5e79f41161f4c427dbb48883b1415284e299", kill_on_drop: false }`
[INFO] [stdout] f4db9470167696624537c769d86c5e79f41161f4c427dbb48883b1415284e299
[INFO] running `Command { std: "docker" "create" "-v" "/var/lib/crater-agent-workspace/builds/worker-4/target:/opt/rustwide/target:rw,Z" "-v" "/var/lib/crater-agent-workspace/builds/worker-4/source:/opt/rustwide/workdir:ro,Z" "-v" "/var/lib/crater-agent-workspace/cargo-home:/opt/rustwide/cargo-home:ro,Z" "-v" "/var/lib/crater-agent-workspace/rustup-home:/opt/rustwide/rustup-home:ro,Z" "-e" "SOURCE_DIR=/opt/rustwide/workdir" "-e" "CARGO_TARGET_DIR=/opt/rustwide/target" "-e" "CARGO_INCREMENTAL=0" "-e" "RUST_BACKTRACE=full" "-e" "RUSTFLAGS=--cap-lints=forbid" "-e" "CARGO_HOME=/opt/rustwide/cargo-home" "-e" "RUSTUP_HOME=/opt/rustwide/rustup-home" "-w" "/opt/rustwide/workdir" "-m" "1610612736" "--user" "0:0" "--network" "none" "rustops/crates-build-env@sha256:a636fd89d022f18117e1dc8fb37a0a009933cdbbe082814857f0e2024962d47c" "/opt/rustwide/cargo-home/bin/cargo" "+cfbc6d4cf1acbac5c025acf8ed68929caa551df3" "check" "--frozen" "--all" "--all-targets" "--message-format=json", kill_on_drop: false }`
[INFO] [stdout] b91990fb3eb17153d32593361f8f717f95a50d9db63a8d4ee22ab909ea9f6849
[INFO] [stderr] WARNING: Your kernel does not support swap limit capabilities or the cgroup is not mounted. Memory limited without swap.
[INFO] running `Command { std: "docker" "start" "-a" "b91990fb3eb17153d32593361f8f717f95a50d9db63a8d4ee22ab909ea9f6849", kill_on_drop: false }`
[INFO] [stderr]     Checking parking v2.0.0
[INFO] [stderr]    Compiling log v0.4.8
[INFO] [stderr]     Checking vec-arena v0.5.0
[INFO] [stderr]     Checking lazy_static v1.4.0
[INFO] [stderr]     Checking scoped-tls v1.0.0
[INFO] [stderr]     Checking slab v0.4.2
[INFO] [stderr]     Checking pasts v0.4.0
[INFO] [stderr]     Checking async-mutex v1.1.5
[INFO] [stderr]     Checking multitask v0.2.0
[INFO] [stderr]     Checking polling v0.1.3
[INFO] [stderr]     Checking socket2 v0.3.12
[INFO] [stderr]     Checking crossbeam-utils v0.7.2
[INFO] [stderr]     Checking futures-lite v0.1.11
[INFO] [stderr]     Checking kv-log-macro v1.0.7
[INFO] [stderr]     Checking async-io v0.1.11
[INFO] [stderr]     Checking blocking v0.5.1
[INFO] [stderr]     Checking async-executor v0.1.2
[INFO] [stderr]     Checking async-std v1.6.3
[INFO] [stderr]     Checking rust-webserver v0.1.0 (/opt/rustwide/workdir)
[INFO] [stdout] error[E0433]: failed to resolve: could not find `Interrupt` in `pasts`
[INFO] [stdout]    --> src/main.rs:100:39
[INFO] [stdout]     |
[INFO] [stdout] 100 |     <pasts::ThreadInterrupt as pasts::Interrupt>::block_on(
[INFO] [stdout]     |                                       ^^^^^^^^^ could not find `Interrupt` in `pasts`
[INFO] [stdout] 
[INFO] [stdout] 
[INFO] [stdout] error[E0433]: failed to resolve: could not find `Interrupt` in `pasts`
[INFO] [stdout]    --> src/main.rs:100:39
[INFO] [stdout]     |
[INFO] [stdout] 100 |     <pasts::ThreadInterrupt as pasts::Interrupt>::block_on(
[INFO] [stdout]     |                                       ^^^^^^^^^ could not find `Interrupt` in `pasts`
[INFO] [stdout] 
[INFO] [stdout] 
[INFO] [stdout] error[E0433]: failed to resolve: could not find `Interrupt` in `pasts`
[INFO] [stdout]    --> src/main.rs:186:39
[INFO] [stdout]     |
[INFO] [stdout] 186 |     <pasts::ThreadInterrupt as pasts::Interrupt>::block_on(async_main());
[INFO] [stdout]     |                                       ^^^^^^^^^ could not find `Interrupt` in `pasts`
[INFO] [stdout] 
[INFO] [stdout] 
[INFO] [stdout] error[E0433]: failed to resolve: could not find `Interrupt` in `pasts`
[INFO] [stdout]    --> src/main.rs:186:39
[INFO] [stdout]     |
[INFO] [stdout] 186 |     <pasts::ThreadInterrupt as pasts::Interrupt>::block_on(async_main());
[INFO] [stdout]     |                                       ^^^^^^^^^ could not find `Interrupt` in `pasts`
[INFO] [stdout] 
[INFO] [stdout] 
[INFO] [stdout] error[E0412]: cannot find type `ThreadInterrupt` in crate `pasts`
[INFO] [stdout]    --> src/main.rs:100:13
[INFO] [stdout]     |
[INFO] [stdout] 100 |     <pasts::ThreadInterrupt as pasts::Interrupt>::block_on(
[INFO] [stdout]     |             ^^^^^^^^^^^^^^^ not found in `pasts`
[INFO] [stdout] 
[INFO] [stdout] 
[INFO] [stdout] error[E0412]: cannot find type `ThreadInterrupt` in crate `pasts`
[INFO] [stdout]    --> src/main.rs:100:13
[INFO] [stdout]     |
[INFO] [stdout] 100 |     <pasts::ThreadInterrupt as pasts::Interrupt>::block_on(
[INFO] [stdout]     |             ^^^^^^^^^^^^^^^ not found in `pasts`
[INFO] [stdout] 
[INFO] [stdout] 
[INFO] [stdout] error[E0412]: cannot find type `ThreadInterrupt` in crate `pasts`
[INFO] [stdout]    --> src/main.rs:186:13
[INFO] [stdout]     |
[INFO] [stdout] 186 |     <pasts::ThreadInterrupt as pasts::Interrupt>::block_on(async_main());
[INFO] [stdout]     |             ^^^^^^^^^^^^^^^ not found in `pasts`
[INFO] [stdout] 
[INFO] [stdout] 
[INFO] [stdout] error[E0412]: cannot find type `ThreadInterrupt` in crate `pasts`
[INFO] [stdout]    --> src/main.rs:186:13
[INFO] [stdout]     |
[INFO] [stdout] 186 |     <pasts::ThreadInterrupt as pasts::Interrupt>::block_on(async_main());
[INFO] [stdout]     |             ^^^^^^^^^^^^^^^ not found in `pasts`
[INFO] [stdout] 
[INFO] [stdout] 
[INFO] [stdout] error: aborting due to 4 previous errors
[INFO] [stdout] 
[INFO] [stdout] 
[INFO] [stdout] Some errors have detailed explanations: E0412, E0433.
[INFO] [stdout] 
[INFO] [stdout] For more information about an error, try `rustc --explain E0412`.
[INFO] [stdout] 
[INFO] [stdout] error: aborting due to 4 previous errors
[INFO] [stdout] 
[INFO] [stdout] 
[INFO] [stdout] Some errors have detailed explanations: E0412, E0433.
[INFO] [stdout] 
[INFO] [stdout] For more information about an error, try `rustc --explain E0412`.
[INFO] [stdout] 
[INFO] [stderr] error: could not compile `rust-webserver`.
[INFO] [stderr] 
[INFO] [stderr] To learn more, run the command again with --verbose.
[INFO] [stderr] warning: build failed, waiting for other jobs to finish...
[INFO] [stderr] error: build failed
[INFO] running `Command { std: "docker" "inspect" "b91990fb3eb17153d32593361f8f717f95a50d9db63a8d4ee22ab909ea9f6849", kill_on_drop: false }`
[INFO] running `Command { std: "docker" "rm" "-f" "b91990fb3eb17153d32593361f8f717f95a50d9db63a8d4ee22ab909ea9f6849", kill_on_drop: false }`
[INFO] [stdout] b91990fb3eb17153d32593361f8f717f95a50d9db63a8d4ee22ab909ea9f6849
